{"id":2349,"date":"2021-04-15T15:18:07","date_gmt":"2021-04-15T13:18:07","guid":{"rendered":"https:\/\/chateaufer.fr\/ferme\/?post_type=product&#038;p=2349"},"modified":"2023-02-09T16:29:26","modified_gmt":"2023-02-09T15:29:26","slug":"_fanes-de-carotte","status":"publish","type":"product","link":"https:\/\/chateaufer.fr\/ferme\/produit\/_fanes-de-carotte\/","title":{"rendered":"_Fane de Carotte"},"content":{"rendered":"","protected":false},"excerpt":{"rendered":"<p>Accompagnez tous vos plats avec nos \u00e9tonnantes fanes de l\u00e9gumes s\u00e9ch\u00e9es \u00e0 basse temp\u00e9rature. Elles sublimerons vos plats, soupes, bouillons et pur\u00e9es<\/p>\n<p>D\u00e9nomination l\u00e9gale : feuille de carotte d\u00e9shydrat\u00e9e<\/p>\n<p>Ingr\u00e9dients : Feuilles de carotte s\u00e9ch\u00e9es, issues de l&rsquo;agriculture biologique<\/p>\n<p><a href=\"https:\/\/chateaufer.fr\/ferme\/les-deshydrates\/\">\ud83d\udc49 En savoir plus sur la fabrication<\/a><\/p>\n<p>poids net : 35g &#8211; Pot verre consign\u00e9 de 250ml (Consigne 1\u20ac)<\/p>\n","protected":false},"featured_media":2484,"template":"","meta":{"_crdt_document":""},"product_brand":[],"product_cat":[74],"product_tag":[],"class_list":{"0":"post-2349","1":"product","2":"type-product","3":"status-publish","4":"has-post-thumbnail","6":"product_cat-deshydrates","8":"first","9":"outofstock","10":"taxable","11":"shipping-taxable","12":"purchasable","13":"product-type-simple"},"jetpack_sharing_enabled":true,"_links":{"self":[{"href":"https:\/\/chateaufer.fr\/ferme\/wp-json\/wp\/v2\/product\/2349","targetHints":{"allow":["GET"]}}],"collection":[{"href":"https:\/\/chateaufer.fr\/ferme\/wp-json\/wp\/v2\/product"}],"about":[{"href":"https:\/\/chateaufer.fr\/ferme\/wp-json\/wp\/v2\/types\/product"}],"wp:featuredmedia":[{"embeddable":true,"href":"https:\/\/chateaufer.fr\/ferme\/wp-json\/wp\/v2\/media\/2484"}],"wp:attachment":[{"href":"https:\/\/chateaufer.fr\/ferme\/wp-json\/wp\/v2\/media?parent=2349"}],"wp:term":[{"taxonomy":"product_brand","embeddable":true,"href":"https:\/\/chateaufer.fr\/ferme\/wp-json\/wp\/v2\/product_brand?post=2349"},{"taxonomy":"product_cat","embeddable":true,"href":"https:\/\/chateaufer.fr\/ferme\/wp-json\/wp\/v2\/product_cat?post=2349"},{"taxonomy":"product_tag","embeddable":true,"href":"https:\/\/chateaufer.fr\/ferme\/wp-json\/wp\/v2\/product_tag?post=2349"}],"curies":[{"name":"wp","href":"https:\/\/api.w.org\/{rel}","templated":true}]}}