{"id":2326,"date":"2021-04-15T15:17:56","date_gmt":"2021-04-15T13:17:56","guid":{"rendered":"https:\/\/chateaufer.fr\/ferme\/?post_type=product&#038;p=2326"},"modified":"2022-03-02T08:22:13","modified_gmt":"2022-03-02T07:22:13","slug":"_fanes-de-radis","status":"publish","type":"product","link":"https:\/\/chateaufer.fr\/ferme\/produit\/_fanes-de-radis\/","title":{"rendered":"_Fane de Radis"},"content":{"rendered":"","protected":false},"excerpt":{"rendered":"<p>Accompagnez tous vos plats avec nos \u00e9tonnantes fanes de l\u00e9gumes. Elles sublimerons vos plats, soupes, bouillons et pur\u00e9es<\/p>\n<p>D\u00e9nomination l\u00e9gale : feuille de radis d\u00e9shydrat\u00e9e<\/p>\n<p>Ingr\u00e9dients : Feuilles de radis s\u00e9ch\u00e9es, issus de l&rsquo;agriculture biologique.<\/p>\n<p><a href=\"https:\/\/chateaufer.fr\/ferme\/les-deshydrates\/\">\ud83d\udc49 En savoir plus sur la fabrication<\/a><\/p>\n<p>poids net : 15g &#8211; Pot verre consign\u00e9 de 250ml (Consigne 1\u20ac)<\/p>\n","protected":false},"featured_media":2464,"template":"","meta":{"_crdt_document":""},"product_brand":[],"product_cat":[74],"product_tag":[],"class_list":{"0":"post-2326","1":"product","2":"type-product","3":"status-publish","4":"has-post-thumbnail","6":"product_cat-deshydrates","8":"first","9":"outofstock","10":"taxable","11":"shipping-taxable","12":"purchasable","13":"product-type-simple"},"jetpack_sharing_enabled":true,"_links":{"self":[{"href":"https:\/\/chateaufer.fr\/ferme\/wp-json\/wp\/v2\/product\/2326","targetHints":{"allow":["GET"]}}],"collection":[{"href":"https:\/\/chateaufer.fr\/ferme\/wp-json\/wp\/v2\/product"}],"about":[{"href":"https:\/\/chateaufer.fr\/ferme\/wp-json\/wp\/v2\/types\/product"}],"wp:featuredmedia":[{"embeddable":true,"href":"https:\/\/chateaufer.fr\/ferme\/wp-json\/wp\/v2\/media\/2464"}],"wp:attachment":[{"href":"https:\/\/chateaufer.fr\/ferme\/wp-json\/wp\/v2\/media?parent=2326"}],"wp:term":[{"taxonomy":"product_brand","embeddable":true,"href":"https:\/\/chateaufer.fr\/ferme\/wp-json\/wp\/v2\/product_brand?post=2326"},{"taxonomy":"product_cat","embeddable":true,"href":"https:\/\/chateaufer.fr\/ferme\/wp-json\/wp\/v2\/product_cat?post=2326"},{"taxonomy":"product_tag","embeddable":true,"href":"https:\/\/chateaufer.fr\/ferme\/wp-json\/wp\/v2\/product_tag?post=2326"}],"curies":[{"name":"wp","href":"https:\/\/api.w.org\/{rel}","templated":true}]}}