{"id":2324,"date":"2021-04-15T15:17:55","date_gmt":"2021-04-15T13:17:55","guid":{"rendered":"https:\/\/chateaufer.fr\/ferme\/?post_type=product&#038;p=2324"},"modified":"2023-02-09T16:30:56","modified_gmt":"2023-02-09T15:30:56","slug":"_courgette-probiotic","status":"publish","type":"product","link":"https:\/\/chateaufer.fr\/ferme\/produit\/_courgette-probiotic\/","title":{"rendered":"_Lactofermentation de Courgette"},"content":{"rendered":"","protected":false},"excerpt":{"rendered":"<p>Un bocal qui renferme des saveurs \u00e9tonnantes et inhabituelles, riche de bienfaits pour votre organisme ! \u00c0 partager \u00e0 l\u2019ap\u00e9ritif fa\u00e7on pickles ou bien en accompagnement d\u2019un plat chaud ou froid.<span class=\"Apple-converted-space\">\u00a0<\/span><\/p>\n<p>Ingr\u00e9dients : Courgette*, sel de Gu\u00e9rande non raffin\u00e9, *issue de l&rsquo;agriculture biologique<\/p>\n<p>Poids net : 750g ou 1 kg<\/p>\n<p>Pour en savoir plus sur la fabrication des produits lactoferment\u00e9s, <a href=\"https:\/\/chateaufer.fr\/ferme\/les-lactofermentes\/\">c&rsquo;est par ici &#8212;&gt;<\/a><\/p>\n","protected":false},"featured_media":2463,"template":"","meta":{"_crdt_document":""},"product_brand":[],"product_cat":[81],"product_tag":[],"class_list":{"0":"post-2324","1":"product","2":"type-product","3":"status-publish","4":"has-post-thumbnail","6":"product_cat-lactofermentes","8":"first","9":"outofstock","10":"sale","11":"taxable","12":"shipping-taxable","13":"purchasable","14":"product-type-variable"},"jetpack_sharing_enabled":true,"_links":{"self":[{"href":"https:\/\/chateaufer.fr\/ferme\/wp-json\/wp\/v2\/product\/2324","targetHints":{"allow":["GET"]}}],"collection":[{"href":"https:\/\/chateaufer.fr\/ferme\/wp-json\/wp\/v2\/product"}],"about":[{"href":"https:\/\/chateaufer.fr\/ferme\/wp-json\/wp\/v2\/types\/product"}],"wp:featuredmedia":[{"embeddable":true,"href":"https:\/\/chateaufer.fr\/ferme\/wp-json\/wp\/v2\/media\/2463"}],"wp:attachment":[{"href":"https:\/\/chateaufer.fr\/ferme\/wp-json\/wp\/v2\/media?parent=2324"}],"wp:term":[{"taxonomy":"product_brand","embeddable":true,"href":"https:\/\/chateaufer.fr\/ferme\/wp-json\/wp\/v2\/product_brand?post=2324"},{"taxonomy":"product_cat","embeddable":true,"href":"https:\/\/chateaufer.fr\/ferme\/wp-json\/wp\/v2\/product_cat?post=2324"},{"taxonomy":"product_tag","embeddable":true,"href":"https:\/\/chateaufer.fr\/ferme\/wp-json\/wp\/v2\/product_tag?post=2324"}],"curies":[{"name":"wp","href":"https:\/\/api.w.org\/{rel}","templated":true}]}}