{"id":13004,"date":"2025-07-02T11:58:11","date_gmt":"2025-07-02T09:58:11","guid":{"rendered":"https:\/\/chateaufer.fr\/ferme\/?post_type=product&#038;p=13004"},"modified":"2025-08-13T16:50:12","modified_gmt":"2025-08-13T14:50:12","slug":"le-grand-couvert-l-acces-site-samedi-20-09-2025-copie","status":"publish","type":"product","link":"https:\/\/chateaufer.fr\/ferme\/produit\/le-grand-couvert-l-acces-site-samedi-20-09-2025-copie\/","title":{"rendered":"Le Grand Couvert  L&rsquo;acc\u00e8s site et soir\u00e9e 20 09 2025"},"content":{"rendered":"<h5>le Samedi 20 septembre 2025, &#8211; acte III &#8211; acces au site et \u00e0 la precieuse soir\u00e9e<\/h5>\n<div class=\"page\" title=\"Page 1\">\n<div class=\"section\">\n<div class=\"layoutArea\">\n<div class=\"column\">\n<p>Vous \u00eates bienvenus pour venir partager un moment \u00ab\u00a0Grand Couvert\u00a0\u00bb avec nous et profiter des journ\u00e9es europ\u00e9ennes du patrimoine dans un lieu exceptionnel.<\/p>\n<p>Ce billet vous donne un droit d&rsquo;entr\u00e9e au domaine d\u00e8s 17h.<\/p>\n<p>Pour acc\u00e9der aux ateliers, il vous faudra acqu\u00e9rir le billet Atelier imaginaire. En fonction des places disponibles le jour J aux sessions d&rsquo;ateliers, vous pourrez compl\u00e9ter votre billet sur place avec une entr\u00e9e Atelier ou conf\u00e9rence (\u00e0 partir de 15\u20ac).<\/p>\n<p>Cette journ\u00e9e se conclura par une soir\u00e9e conviviale avec un concert de musique live : vivre la vie de Ch\u00e2teauFer comme dans un conte de f\u00e9e ou une pi\u00e8ce de Moli\u00e8re&#8230; Une mani\u00e8re de conclure une folle journ\u00e9e tous ensemble, en mode Grand Couvert. Vous pourrez combler vos petits creux gr\u00e2ce \u00e0 la pr\u00e9sence de nos cf partenaires gourmands sucr\u00e9s, sal\u00e9s ou liquides !<\/p>\n<p>\ud83d\udd7a\ud83d\udc83<\/p>\n<\/div>\n<\/div>\n<\/div>\n<\/div>\n<blockquote><p>M\u00e9mo La com\u00e9die Comestible Acte III Horaires : 17h &#8211; 21h<\/p>\n<p>Parking gratuit Accessible PMR &#8211; Pour combler vos petits creux sur place : vente \u00e0 emporter assur\u00e9e par le food truck de Francois Xavier Guillaumin et Anne-Sophie Dougy, le glacier Patrick Cypr\u00e8s &#8211; Iceberg et la buvette de Valentin du QG<\/p>\n<p>Billetterie Adulte 15\u20ac<\/p>\n<p>Billetterie 1 Enfant + 12 ans et &#8211; de 16 ans 7 \u20ac<\/p><\/blockquote>\n","protected":false},"excerpt":{"rendered":"<p>L&rsquo;ACTE III DE \u00a0VOUS DIVERTIRA LE 20 SEPTEMBRE ! RENDEZ VOUS A PARTIR DE 17h JUSQU\u2019\u00c0 21H.<\/p>\n<h5>\u00a0LA COM\u00c9DIE COMESTIBLE &#8211; acte III &#8211; ACC\u00c8S au SITE \u00e0 partir de 17H00 et precieuse soir\u00e9e &#8211; 19h30 \u00e0 21h<\/h5>\n<blockquote><p>ON NE POUVAIT CLORE CETTE FOLLE JOURN\u00c9E SANS UN CONCERT DE MUSIQUE LIVE POUR LAISSER LE SOLEIL SE COUCHER EN BEAUT\u00c9 !<\/p><\/blockquote>\n<p>&nbsp;<\/p>\n","protected":false},"featured_media":13027,"template":"","meta":{"_crdt_document":""},"product_brand":[],"product_cat":[179,69],"product_tag":[],"class_list":{"0":"post-13004","1":"product","2":"type-product","3":"status-publish","4":"has-post-thumbnail","6":"product_cat-atelier","7":"product_cat-non-classe","9":"first","10":"instock","11":"taxable","12":"shipping-taxable","13":"purchasable","14":"product-type-variable"},"jetpack_sharing_enabled":true,"_links":{"self":[{"href":"https:\/\/chateaufer.fr\/ferme\/wp-json\/wp\/v2\/product\/13004","targetHints":{"allow":["GET"]}}],"collection":[{"href":"https:\/\/chateaufer.fr\/ferme\/wp-json\/wp\/v2\/product"}],"about":[{"href":"https:\/\/chateaufer.fr\/ferme\/wp-json\/wp\/v2\/types\/product"}],"wp:featuredmedia":[{"embeddable":true,"href":"https:\/\/chateaufer.fr\/ferme\/wp-json\/wp\/v2\/media\/13027"}],"wp:attachment":[{"href":"https:\/\/chateaufer.fr\/ferme\/wp-json\/wp\/v2\/media?parent=13004"}],"wp:term":[{"taxonomy":"product_brand","embeddable":true,"href":"https:\/\/chateaufer.fr\/ferme\/wp-json\/wp\/v2\/product_brand?post=13004"},{"taxonomy":"product_cat","embeddable":true,"href":"https:\/\/chateaufer.fr\/ferme\/wp-json\/wp\/v2\/product_cat?post=13004"},{"taxonomy":"product_tag","embeddable":true,"href":"https:\/\/chateaufer.fr\/ferme\/wp-json\/wp\/v2\/product_tag?post=13004"}],"curies":[{"name":"wp","href":"https:\/\/api.w.org\/{rel}","templated":true}]}}

Le Grand Couvert  L&rsquo;accès site et soirée 20 09 2025

<h5>le Samedi 20 septembre 2025, &#8211; acte III &#8211; acces au site et à la precieuse soirée</h5>
<div class="page" title="Page 1">
<div class="section">
<div class="layoutArea">
<div class="column">
<p>Vous êtes bienvenus pour venir partager un moment « Grand Couvert » avec nous et profiter des journées européennes du patrimoine dans un lieu exceptionnel.</p>
<p>Ce billet vous donne un droit d&rsquo;entrée au domaine dès 17h.</p>
<p>Pour accéder aux ateliers, il vous faudra acquérir le billet Atelier imaginaire. En fonction des places disponibles le jour J aux sessions d&rsquo;ateliers, vous pourrez compléter votre billet sur place avec une entrée Atelier ou conférence (à partir de 15€).</p>
<p>Cette journée se conclura par une soirée conviviale avec un concert de musique live : vivre la vie de ChâteauFer comme dans un conte de fée ou une pièce de Molière&#8230; Une manière de conclure une folle journée tous ensemble, en mode Grand Couvert. Vous pourrez combler vos petits creux grâce à la présence de nos cf partenaires gourmands sucrés, salés ou liquides !</p>
<p>🕺💃</p>
</div>
</div>
</div>
</div>
<blockquote><p>Mémo La comédie Comestible Acte III Horaires : 17h &#8211; 21h</p>
<p>Parking gratuit Accessible PMR &#8211; Pour combler vos petits creux sur place : vente à emporter assurée par le food truck de Francois Xavier Guillaumin et Anne-Sophie Dougy, le glacier Patrick Cyprès &#8211; Iceberg et la buvette de Valentin du QG</p>
<p>Billetterie Adulte 15€</p>
<p>Billetterie 1 Enfant + 12 ans et &#8211; de 16 ans 7 €</p></blockquote>

<p>L&rsquo;ACTE III DE  VOUS DIVERTIRA LE 20 SEPTEMBRE ! RENDEZ VOUS A PARTIR DE 17h JUSQU’À 21H.</p>
<h5> LA COMÉDIE COMESTIBLE &#8211; acte III &#8211; ACCÈS au SITE à partir de 17H00 et precieuse soirée &#8211; 19h30 à 21h</h5>
<blockquote><p>ON NE POUVAIT CLORE CETTE FOLLE JOURNÉE SANS UN CONCERT DE MUSIQUE LIVE POUR LAISSER LE SOLEIL SE COUCHER EN BEAUTÉ !</p></blockquote>
<p>&nbsp;</p>
