{"id":12972,"date":"2025-06-30T14:26:42","date_gmt":"2025-06-30T12:26:42","guid":{"rendered":"https:\/\/chateaufer.fr\/ferme\/?post_type=product&#038;p=12972"},"modified":"2026-03-26T09:55:36","modified_gmt":"2026-03-26T08:55:36","slug":"visiter-chateaufer-prive","status":"publish","type":"product","link":"https:\/\/chateaufer.fr\/ferme\/produit\/visiter-chateaufer-prive\/","title":{"rendered":"La Visite priv\u00e9e | saison 2026"},"content":{"rendered":"<p>Plongez au c\u0153ur d&rsquo;une renaissance exemplaire et venez surveiller le r\u00e9veil de la belle endormie, \u00e0 l&rsquo;heure des \u00e9conomies d&rsquo;\u00e9nergie et du changement climatique&#8230;<\/p>\n<p>Envie de d\u00e9couvrir Ch\u00e2teauFer plus en d\u00e9tail avec la propri\u00e9taire des lieux ? Les visites priv\u00e9es vous permettront de d\u00e9couvrir une nouvelle facette des lieux avec la propri\u00e9taire, tous les jours \u00e0 14h30.<\/p>\n<p>Pour r\u00e9server votre visite, cliquez sur le bouton pour \u00eatre redirig\u00e9 vers la billetterie de la Route Jacques C\u0153ur.<\/p>\n","protected":false},"excerpt":{"rendered":"<p>2025 est l&rsquo;ann\u00e9e du renouveau pour les visites ! Au-del\u00e0 de la visite du ch\u00e2teau, d\u00e9couvrez d\u00e9sormais l&rsquo;activit\u00e9 agricole et mara\u00eech\u00e8re avec notre tout premier audioguide.<\/p>\n<p>Pour r\u00e9server en ligne votre visite guid\u00e9e \u00ab\u00a0du ch\u00e2teau \u00e0 la ferme agro\u00e9cologique\u00a0\u00bb, du 30 juin 2025 au 11 aout 2025 ou \u00e0 l&rsquo;occasion des journ\u00e9es europ\u00e9ennes du patrimoine 2025, cliquez ci-dessous pour atteindre la boutique Route Jacques C\u0153ur afin de r\u00e9server votre place ! Vous rencontrez une difficult\u00e9, contactez nous par mail \u00e0 l\u2019adresse : jardins@chateaufer.fr ou par t\u00e9l\u00e9phone au 02.48.96.03.65<\/p>\n<p>Dur\u00e9e : 1h30<\/p>\n","protected":false},"featured_media":9011,"template":"","meta":{"_crdt_document":""},"product_brand":[],"product_cat":[178],"product_tag":[],"class_list":{"0":"post-12972","1":"product","2":"type-product","3":"status-publish","4":"has-post-thumbnail","6":"product_cat-visite","8":"first","9":"instock","10":"taxable","11":"shipping-taxable","12":"product-type-external"},"jetpack_sharing_enabled":true,"_links":{"self":[{"href":"https:\/\/chateaufer.fr\/ferme\/wp-json\/wp\/v2\/product\/12972","targetHints":{"allow":["GET"]}}],"collection":[{"href":"https:\/\/chateaufer.fr\/ferme\/wp-json\/wp\/v2\/product"}],"about":[{"href":"https:\/\/chateaufer.fr\/ferme\/wp-json\/wp\/v2\/types\/product"}],"wp:featuredmedia":[{"embeddable":true,"href":"https:\/\/chateaufer.fr\/ferme\/wp-json\/wp\/v2\/media\/9011"}],"wp:attachment":[{"href":"https:\/\/chateaufer.fr\/ferme\/wp-json\/wp\/v2\/media?parent=12972"}],"wp:term":[{"taxonomy":"product_brand","embeddable":true,"href":"https:\/\/chateaufer.fr\/ferme\/wp-json\/wp\/v2\/product_brand?post=12972"},{"taxonomy":"product_cat","embeddable":true,"href":"https:\/\/chateaufer.fr\/ferme\/wp-json\/wp\/v2\/product_cat?post=12972"},{"taxonomy":"product_tag","embeddable":true,"href":"https:\/\/chateaufer.fr\/ferme\/wp-json\/wp\/v2\/product_tag?post=12972"}],"curies":[{"name":"wp","href":"https:\/\/api.w.org\/{rel}","templated":true}]}}

La Visite privée | saison 2026

<p>Plongez au cœur d&rsquo;une renaissance exemplaire et venez surveiller le réveil de la belle endormie, à l&rsquo;heure des économies d&rsquo;énergie et du changement climatique&#8230;</p>
<p>Envie de découvrir ChâteauFer plus en détail avec la propriétaire des lieux ? Les visites privées vous permettront de découvrir une nouvelle facette des lieux avec la propriétaire, tous les jours à 14h30.</p>
<p>Pour réserver votre visite, cliquez sur le bouton pour être redirigé vers la billetterie de la Route Jacques Cœur.</p>

<p>2025 est l&rsquo;année du renouveau pour les visites ! Au-delà de la visite du château, découvrez désormais l&rsquo;activité agricole et maraîchère avec notre tout premier audioguide.</p>
<p>Pour réserver en ligne votre visite guidée « du château à la ferme agroécologique », du 30 juin 2025 au 11 aout 2025 ou à l&rsquo;occasion des journées européennes du patrimoine 2025, cliquez ci-dessous pour atteindre la boutique Route Jacques Cœur afin de réserver votre place ! Vous rencontrez une difficulté, contactez nous par mail à l’adresse : jardins@chateaufer.fr ou par téléphone au 02.48.96.03.65</p>
<p>Durée : 1h30</p>
